{"id":4141,"date":"2023-11-29T00:07:25","date_gmt":"2023-11-28T23:07:25","guid":{"rendered":"http:\/\/www.ens.univ-maroua.cm\/?page_id=4141"},"modified":"2024-02-25T11:29:14","modified_gmt":"2024-02-25T10:29:14","slug":"sante","status":"publish","type":"page","link":"https:\/\/www.ens.univ-maroua.cm\/index.php\/sante\/","title":{"rendered":"Sant\u00e9"},"content":{"rendered":"<section class=\"wpb-content-wrapper\"><p>[vc_row css_animation=\u00a0\u00bbzoomIn\u00a0\u00bb css=\u00a0\u00bb.vc_custom_1708820980271{background-color: #ffffff !important;}\u00a0\u00bb][vc_column][vc_column_text]<\/p>\n<h3 style=\"text-align: center;\"><span style=\"color: #25d6ea;\"><strong>Action sanitaire<\/strong><\/span><\/h3>\n<p>[\/vc_column_text][vc_empty_space][vc_row_inner][vc_column_inner width=\u00a0\u00bb1\/2&Prime;][vc_single_image image=\u00a0\u00bb5564&Prime; img_size=\u00a0\u00bb700&#215;350&Prime; alignment=\u00a0\u00bbcenter\u00a0\u00bb style=\u00a0\u00bbvc_box_shadow_3d\u00a0\u00bb][vc_column_text]<\/p>\n<h4 style=\"text-align: left;\"><span style=\"color: #25d6ea;\"><strong>Pr\u00e9sentation<\/strong><\/span><\/h4>\n<p>[\/vc_column_text][vc_column_text]<\/p>\n<p style=\"text-align: Justify;\">Le Service de l\u2019Action Sanitaire de l\u2019\u00c9cole Normale Sup\u00e9rieure qui fait office de l\u2019Infirmerie de ladite \u00c9cole est log\u00e9 aux bureaux C005 et C006 de la cit\u00e9 universitaire, bloc C au campus de Kongola-Djoulgouf-Kodek. Il est charg\u00e9 de l\u2019approvisionnement en produits de sant\u00e9 et assure les premiers soins aux \u00c9l\u00e8ves et au Personnel de l\u2019\u00c9cole. Ces premiers soins sont totalement gratuits.<\/p>\n<p>[\/vc_column_text][vc_column_text]<\/p>\n<h4 style=\"text-align: left;\"><span style=\"color: #25d6ea;\"><strong>Missions de l&rsquo;action sanitaire<\/strong><\/span><\/h4>\n<p>[\/vc_column_text][vc_column_text]<\/p>\n<p style=\"text-align: justify;\">Le Service de l\u2019Action Sanitaire assure aussi la couverture sanitaire des manifestations (c\u00e9r\u00e9monies de sortie, concours d\u2019entr\u00e9e, grandes conf\u00e9rences\u2026) et des activit\u00e9s sportives organis\u00e9es \u00e0 l\u2019\u00c9NS.<\/p>\n<p>[\/vc_column_text][vc_column_text]<\/p>\n<h4 style=\"text-align: left;\"><span style=\"color: #25d6ea;\"><strong>Activit\u00e9s<\/strong><\/span><\/h4>\n<p style=\"text-align: left;\">Les activit\u00e9s men\u00e9es \u00e0 l\u2019Infirmerie sont :<\/p>\n<ul>\n<li style=\"text-align: left;\">Les consultations et l\u2019administration des soins,<\/li>\n<\/ul>\n<p>[\/vc_column_text][\/vc_column_inner][vc_column_inner width=\u00a0\u00bb1\/2&Prime;][vc_gallery interval=\u00a0\u00bb3&Prime; images=\u00a0\u00bb5565,5566,5567,5568&Prime; img_size=\u00a0\u00bb700&#215;350&Prime;][vc_column_text]<\/p>\n<ul>\n<li>La sensibilisation pour la pr\u00e9vention du VIH\/SIDA et les IST et \u00e9ventuellement leur prise en charge selon les normes,<\/li>\n<li>Des causeries \u00e9ducatives pour la pr\u00e9vention des grossesses non d\u00e9sir\u00e9es,<\/li>\n<li style=\"text-align: left;\">Des prestations de service de planning familial sont offertes gratuitement pour toutes les m\u00e9thodes contraceptives modernes.<\/li>\n<li style=\"text-align: left;\">Des tests tels que la glyc\u00e9mie, le d\u00e9pistage du VIH, le Test de Diagnostic Rapide (TDR) du paludisme et le test de grossesse sont disponibles.<\/li>\n<\/ul>\n<p>[\/vc_column_text][vc_column_text]<\/p>\n<h4 style=\"text-align: left;\"><span style=\"color: #25d6ea;\"><strong>Horaire d&rsquo;ouverture<\/strong><\/span><\/h4>\n<p>[\/vc_column_text][vc_column_text]<\/p>\n<p style=\"text-align: left;\">L\u2019Infirmerie est ouverte de\u00a0 07h30 &#8211; 15 h30\u00a0 de lundi \u00e0 vendredi.<\/p>\n<p>[\/vc_column_text][\/vc_column_inner][\/vc_row_inner][vc_empty_space][\/vc_column][\/vc_row][vc_row css=\u00a0\u00bb.vc_custom_1708821481260{background-color: #25d6ea !important;}\u00a0\u00bb][vc_column][vc_empty_space][\/vc_column][\/vc_row]<\/p>\n<\/section>","protected":false},"excerpt":{"rendered":"<p>[vc_row css_animation=\u00a0\u00bbzoomIn\u00a0\u00bb css=\u00a0\u00bb.vc_custom_1708820980271{background-color: #ffffff !important;}\u00a0\u00bb][vc_column][vc_column_text] Action sanitaire [\/vc_column_text][vc_empty_space][vc_row_inner][vc_column_inner width=\u00a0\u00bb1\/2&Prime;][vc_single_image image=\u00a0\u00bb5564&Prime; img_size=\u00a0\u00bb700&#215;350&Prime; alignment=\u00a0\u00bbcenter\u00a0\u00bb style=\u00a0\u00bbvc_box_shadow_3d\u00a0\u00bb][vc_column_text] Pr\u00e9sentation [\/vc_column_text][vc_column_text] Le Service de l\u2019Action Sanitaire de l\u2019\u00c9cole Normale Sup\u00e9rieure qui fait office de l\u2019Infirmerie de ladite \u00c9cole est log\u00e9 aux bureaux C005 et C006 de [&hellip;]<\/p>\n","protected":false},"author":1,"featured_media":0,"parent":0,"menu_order":0,"comment_status":"closed","ping_status":"closed","template":"","meta":{"footnotes":""},"class_list":["post-4141","page","type-page","status-publish","hentry"],"_links":{"self":[{"href":"https:\/\/www.ens.univ-maroua.cm\/index.php\/wp-json\/wp\/v2\/pages\/4141","targetHints":{"allow":["GET"]}}],"collection":[{"href":"https:\/\/www.ens.univ-maroua.cm\/index.php\/wp-json\/wp\/v2\/pages"}],"about":[{"href":"https:\/\/www.ens.univ-maroua.cm\/index.php\/wp-json\/wp\/v2\/types\/page"}],"author":[{"embeddable":true,"href":"https:\/\/www.ens.univ-maroua.cm\/index.php\/wp-json\/wp\/v2\/users\/1"}],"replies":[{"embeddable":true,"href":"https:\/\/www.ens.univ-maroua.cm\/index.php\/wp-json\/wp\/v2\/comments?post=4141"}],"version-history":[{"count":9,"href":"https:\/\/www.ens.univ-maroua.cm\/index.php\/wp-json\/wp\/v2\/pages\/4141\/revisions"}],"predecessor-version":[{"id":5571,"href":"https:\/\/www.ens.univ-maroua.cm\/index.php\/wp-json\/wp\/v2\/pages\/4141\/revisions\/5571"}],"wp:attachment":[{"href":"https:\/\/www.ens.univ-maroua.cm\/index.php\/wp-json\/wp\/v2\/media?parent=4141"}],"curies":[{"name":"wp","href":"https:\/\/api.w.org\/{rel}","templated":true}]}}