{"id":4107,"date":"2023-11-28T20:14:02","date_gmt":"2023-11-28T19:14:02","guid":{"rendered":"http:\/\/www.ens.univ-maroua.cm\/?page_id=4107"},"modified":"2024-02-04T13:57:17","modified_gmt":"2024-02-04T12:57:17","slug":"formation-continue","status":"publish","type":"page","link":"https:\/\/www.ens.univ-maroua.cm\/index.php\/formation-continue\/","title":{"rendered":"Formation continue"},"content":{"rendered":"<section class=\"wpb-content-wrapper\"><p>[vc_row css_animation=\u00a0\u00bbzoomIn\u00a0\u00bb css=\u00a0\u00bb.vc_custom_1707051285728{background-color: #ffffff !important;}\u00a0\u00bb][vc_column][vc_column_text]<\/p>\n<h3 style=\"text-align: center;\"><span style=\"color: #25d6ea;\"><strong>Formation continue<\/strong><\/span><\/h3>\n<p>[\/vc_column_text][vc_empty_space height=\u00a0\u00bb16px\u00a0\u00bb][vc_row_inner][vc_column_inner width=\u00a0\u00bb1\/4&Prime;][vc_column_text]<\/p>\n<p style=\"text-align: left;\"><span style=\"color: #1c45b5;\">Le Service de la formation continue, est charg\u00e9 de la formation continue des enseignants et des autres personnels du syst\u00e8me \u00e9ducatif des secteurs publics et priv\u00e9s.<\/span><\/p>\n<p>[\/vc_column_text][\/vc_column_inner][vc_column_inner width=\u00a0\u00bb1\/4&Prime;][vc_single_image image=\u00a0\u00bb4610&Prime; img_size=\u00a0\u00bb320&#215;280&Prime; style=\u00a0\u00bbvc_box_shadow_3d\u00a0\u00bb][\/vc_column_inner][vc_column_inner width=\u00a0\u00bb1\/4&Prime;][vc_column_text]<\/p>\n<p style=\"text-align: left;\"><span style=\"color: #1c45b5;\">Ces missions :<\/span><br \/>\n<span style=\"color: #1c45b5;\">La mise \u00e0 niveau des personnels contractuels en poste dans l&rsquo;enseignement secondaire g\u00e9n\u00e9ral et des \u00e9l\u00e9ments \u00e0 former, le recyclage, le perfectionnement et la formation continue des Professeurs de l&rsquo;enseignement secondaire ainsi que des autres personnels des minist\u00e8res charg\u00e9s des enseignements secondaires et de l&rsquo;\u00e9ducation de base.<\/span><\/p>\n<p>[\/vc_column_text][\/vc_column_inner][vc_column_inner width=\u00a0\u00bb1\/4&Prime;][vc_single_image image=\u00a0\u00bb4719&Prime; img_size=\u00a0\u00bb320&#215;280&Prime; style=\u00a0\u00bbvc_box_shadow_3d\u00a0\u00bb][\/vc_column_inner][\/vc_row_inner][vc_empty_space height=\u00a0\u00bb16px\u00a0\u00bb][\/vc_column][\/vc_row][vc_row css=\u00a0\u00bb.vc_custom_1707050927203{background-color: #25d6ea !important;}\u00a0\u00bb][vc_column][vc_empty_space][\/vc_column][\/vc_row]<\/p>\n<\/section>","protected":false},"excerpt":{"rendered":"<p>[vc_row css_animation=\u00a0\u00bbzoomIn\u00a0\u00bb css=\u00a0\u00bb.vc_custom_1707051285728{background-color: #ffffff !important;}\u00a0\u00bb][vc_column][vc_column_text] Formation continue [\/vc_column_text][vc_empty_space height=\u00a0\u00bb16px\u00a0\u00bb][vc_row_inner][vc_column_inner width=\u00a0\u00bb1\/4&Prime;][vc_column_text] Le Service de la formation continue, est charg\u00e9 de la formation continue des enseignants et des autres personnels du syst\u00e8me \u00e9ducatif des secteurs publics et priv\u00e9s. [\/vc_column_text][\/vc_column_inner][vc_column_inner width=\u00a0\u00bb1\/4&Prime;][vc_single_image image=\u00a0\u00bb4610&Prime; img_size=\u00a0\u00bb320&#215;280&Prime; [&hellip;]<\/p>\n","protected":false},"author":1,"featured_media":0,"parent":0,"menu_order":0,"comment_status":"closed","ping_status":"closed","template":"","meta":{"footnotes":""},"class_list":["post-4107","page","type-page","status-publish","hentry"],"_links":{"self":[{"href":"https:\/\/www.ens.univ-maroua.cm\/index.php\/wp-json\/wp\/v2\/pages\/4107","targetHints":{"allow":["GET"]}}],"collection":[{"href":"https:\/\/www.ens.univ-maroua.cm\/index.php\/wp-json\/wp\/v2\/pages"}],"about":[{"href":"https:\/\/www.ens.univ-maroua.cm\/index.php\/wp-json\/wp\/v2\/types\/page"}],"author":[{"embeddable":true,"href":"https:\/\/www.ens.univ-maroua.cm\/index.php\/wp-json\/wp\/v2\/users\/1"}],"replies":[{"embeddable":true,"href":"https:\/\/www.ens.univ-maroua.cm\/index.php\/wp-json\/wp\/v2\/comments?post=4107"}],"version-history":[{"count":6,"href":"https:\/\/www.ens.univ-maroua.cm\/index.php\/wp-json\/wp\/v2\/pages\/4107\/revisions"}],"predecessor-version":[{"id":5423,"href":"https:\/\/www.ens.univ-maroua.cm\/index.php\/wp-json\/wp\/v2\/pages\/4107\/revisions\/5423"}],"wp:attachment":[{"href":"https:\/\/www.ens.univ-maroua.cm\/index.php\/wp-json\/wp\/v2\/media?parent=4107"}],"curies":[{"name":"wp","href":"https:\/\/api.w.org\/{rel}","templated":true}]}}