{"id":4089,"date":"2023-11-28T19:24:00","date_gmt":"2023-11-28T18:24:00","guid":{"rendered":"http:\/\/www.ens.univ-maroua.cm\/?page_id=4089"},"modified":"2024-04-21T14:15:40","modified_gmt":"2024-04-21T12:15:40","slug":"sur-etude-de-dossier","status":"publish","type":"page","link":"https:\/\/www.ens.univ-maroua.cm\/index.php\/sur-etude-de-dossier\/","title":{"rendered":"Sur \u00e9tude de dossier"},"content":{"rendered":"<section class=\"wpb-content-wrapper\"><p>[vc_row css_animation=\u00a0\u00bbzoomIn\u00a0\u00bb css=\u00a0\u00bb.vc_custom_1707042306761{background-color: #ffffff !important;}\u00a0\u00bb][vc_column][vc_column_text css_animation=\u00a0\u00bbzoomIn\u00a0\u00bb]<\/p>\n<h3 style=\"text-align: center;\"><span style=\"color: #25d6ea;\"><strong>Admission \u00e0 l&rsquo;\u00c9cole sur \u00e9tude de dossier<\/strong><\/span><\/h3>\n<p>[\/vc_column_text][vc_empty_space][\/vc_column][\/vc_row][vc_row css_animation=\u00a0\u00bbzoomIn\u00a0\u00bb css=\u00a0\u00bb.vc_custom_1707042351803{background-color: #ffffff !important;}\u00a0\u00bb][vc_column width=\u00a0\u00bb1\/2&Prime;][vc_column_text css_animation=\u00a0\u00bbzoomIn\u00a0\u00bb]<\/p>\n<p style=\"text-align: left;\"><span style=\"color: #1c45b5;\">L&rsquo;admission \u00e0 l&rsquo;\u00c9cole se fait sur \u00e9tude de dossier ouvert aux camerounais des deux sexes destin\u00e9s \u00e0 l&rsquo;enseignement public et, suivant un quota d\u00e9termin\u00e9 chaque ann\u00e9e par d\u00e9cision du Ministre charg\u00e9 de l&rsquo;Enseignement Sup\u00e9rieur, aux candidats pr\u00e9sent\u00e9s par des organisations de l&rsquo;enseignement priv\u00e9 camerounais.<\/span><\/p>\n<p>[\/vc_column_text][vc_column_text css_animation=\u00a0\u00bbzoomIn\u00a0\u00bb]<\/p>\n<p style=\"text-align: left;\"><span style=\"color: #1c45b5;\"> Peuvent \u00eatre admis \u00e0 titre exceptionnel, dans la limite des places disponibles et en qualit\u00e9 d&rsquo;auditeurs libres, les candidats pr\u00e9sent\u00e9s par des organisations de l&rsquo;enseignement priv\u00e9 camerounais. Les int\u00e9ress\u00e9s re\u00e7oivent les enseignements dispens\u00e9s \u00e0 l&rsquo;\u00c9cole, subissent les interrogations et examens, mais n&rsquo;ont pas la qualit\u00e9 d&rsquo;\u00e9l\u00e8ve.<\/span><\/p>\n<p>[\/vc_column_text][\/vc_column][vc_column width=\u00a0\u00bb1\/2&Prime;][vc_single_image image=\u00a0\u00bb4420&Prime; img_size=\u00a0\u00bb700&#215;350&Prime; alignment=\u00a0\u00bbcenter\u00a0\u00bb style=\u00a0\u00bbvc_box_shadow_3d\u00a0\u00bb css_animation=\u00a0\u00bbzoomIn\u00a0\u00bb][\/vc_column][\/vc_row][vc_row][vc_column][vc_empty_space][\/vc_column][\/vc_row]<\/p>\n<\/section>","protected":false},"excerpt":{"rendered":"<p>[vc_row css_animation=\u00a0\u00bbzoomIn\u00a0\u00bb css=\u00a0\u00bb.vc_custom_1707042306761{background-color: #ffffff !important;}\u00a0\u00bb][vc_column][vc_column_text css_animation=\u00a0\u00bbzoomIn\u00a0\u00bb] Admission \u00e0 l&rsquo;\u00c9cole sur \u00e9tude de dossier [\/vc_column_text][vc_empty_space][\/vc_column][\/vc_row][vc_row css_animation=\u00a0\u00bbzoomIn\u00a0\u00bb css=\u00a0\u00bb.vc_custom_1707042351803{background-color: #ffffff !important;}\u00a0\u00bb][vc_column width=\u00a0\u00bb1\/2&Prime;][vc_column_text css_animation=\u00a0\u00bbzoomIn\u00a0\u00bb] L&rsquo;admission \u00e0 l&rsquo;\u00c9cole se fait sur \u00e9tude de dossier ouvert aux camerounais des deux sexes destin\u00e9s \u00e0 l&rsquo;enseignement public et, [&hellip;]<\/p>\n","protected":false},"author":1,"featured_media":0,"parent":0,"menu_order":0,"comment_status":"closed","ping_status":"closed","template":"","meta":{"footnotes":""},"class_list":["post-4089","page","type-page","status-publish","hentry"],"_links":{"self":[{"href":"https:\/\/www.ens.univ-maroua.cm\/index.php\/wp-json\/wp\/v2\/pages\/4089","targetHints":{"allow":["GET"]}}],"collection":[{"href":"https:\/\/www.ens.univ-maroua.cm\/index.php\/wp-json\/wp\/v2\/pages"}],"about":[{"href":"https:\/\/www.ens.univ-maroua.cm\/index.php\/wp-json\/wp\/v2\/types\/page"}],"author":[{"embeddable":true,"href":"https:\/\/www.ens.univ-maroua.cm\/index.php\/wp-json\/wp\/v2\/users\/1"}],"replies":[{"embeddable":true,"href":"https:\/\/www.ens.univ-maroua.cm\/index.php\/wp-json\/wp\/v2\/comments?post=4089"}],"version-history":[{"count":7,"href":"https:\/\/www.ens.univ-maroua.cm\/index.php\/wp-json\/wp\/v2\/pages\/4089\/revisions"}],"predecessor-version":[{"id":5640,"href":"https:\/\/www.ens.univ-maroua.cm\/index.php\/wp-json\/wp\/v2\/pages\/4089\/revisions\/5640"}],"wp:attachment":[{"href":"https:\/\/www.ens.univ-maroua.cm\/index.php\/wp-json\/wp\/v2\/media?parent=4089"}],"curies":[{"name":"wp","href":"https:\/\/api.w.org\/{rel}","templated":true}]}}