{"id":19,"date":"2017-07-11T14:01:25","date_gmt":"2017-07-11T14:01:25","guid":{"rendered":"http:\/\/educator.edge-themes.com\/?page_id=19"},"modified":"2024-04-21T14:08:38","modified_gmt":"2024-04-21T12:08:38","slug":"our-teachers","status":"publish","type":"page","link":"https:\/\/www.ens.univ-maroua.cm\/index.php\/our-teachers\/","title":{"rendered":"Organisation et gouvernance"},"content":{"rendered":"<section class=\"wpb-content-wrapper\"><p>[vc_row css=\u00a0\u00bb.vc_custom_1707028893882{background-color: #25d6ea !important;}\u00a0\u00bb][vc_column][vc_empty_space][\/vc_column][\/vc_row][vc_row css_animation=\u00a0\u00bbzoomIn\u00a0\u00bb row_content_width=\u00a0\u00bbgrid\u00a0\u00bb css=\u00a0\u00bb.vc_custom_1708863082214{padding-top: 106px !important;padding-bottom: 50px !important;background-color: #ffffff !important;}\u00a0\u00bb][vc_column]<div class=\"edgt-elements-holder   edgt-two-columns  edgt-responsive-mode-1024 \" ><div class=\"edgt-eh-item  edgt-width-1-1 edgt-vertical-alignment-top  \"  data-item-class=\"edgt-eh-custom-8199\">\n\t<div class=\"edgt-eh-item-inner\">\n\t\t<div class=\"edgt-eh-item-content edgt-eh-custom-8199\" >\n\t\t\t[vc_single_image image=\u00a0\u00bb5607&Prime; img_size=\u00a0\u00bbfull\u00a0\u00bb add_caption=\u00a0\u00bbyes\u00a0\u00bb alignment=\u00a0\u00bbcenter\u00a0\u00bb css_animation=\u00a0\u00bbnone\u00a0\u00bb]\t\t<\/div>\n\t<\/div>\n<\/div><div class=\"edgt-eh-item  edgt-width-1-1 edgt-vertical-alignment-top  \"  data-item-class=\"edgt-eh-custom-3927\" data-1280-1600=\"0 0 0 9%\" data-1024-1280=\"0 0 0 9%\" data-768-1024=\"0 0 0 0\" data-680-768=\"0 0 0 0\" data-680=\"0 0 0 0\">\n\t<div class=\"edgt-eh-item-inner\">\n\t\t<div class=\"edgt-eh-item-content edgt-eh-custom-3927\" style=\"padding: 1.4% 0 0 6%\">\n\t\t\t[vc_column_text css_animation=\u00a0\u00bbnone\u00a0\u00bb]<\/p>\n<h4><strong><span style=\"color: #25d6ea;\">L&rsquo;\u00c9cole comprend les organes suivant :<\/span><\/strong><\/h4>\n<p>[\/vc_column_text][vc_empty_space height=\u00a0\u00bb4px\u00a0\u00bb][vc_column_text css_animation=\u00a0\u00bbnone\u00a0\u00bb]<span style=\"color: #1c45b5;\">&#8211; un Conseil de direction ;<\/span><br \/>\n<span style=\"color: #1c45b5;\">&#8211; une Direction ;<\/span><br \/>\n<span style=\"color: #1c45b5;\">&#8211; un Conseil des Professeurs ;<\/span><br \/>\n<span style=\"color: #1c45b5;\">&#8211; une Assembl\u00e9e de l&rsquo;\u00e9cole ;<\/span><br \/>\n<span style=\"color: #1c45b5;\">&#8211; des D\u00e9partements et des \u00e9coles doctorales.<\/span>[\/vc_column_text][vc_empty_space height=\u00a0\u00bb22px\u00a0\u00bb][vc_column_text css_animation=\u00a0\u00bbnone\u00a0\u00bb]<span style=\"color: #1c45b5;\">La direction de l&rsquo;\u00c9cole est assur\u00e9e par un Directeur, nomm\u00e9 par D\u00e9cret du Pr\u00e9sident de la R\u00e9publique, parmi les Professeurs de rang magistral. Elle est assist\u00e9e d&rsquo;un directeur adjoint et comprend :<\/span><br \/>\n<span style=\"color: #1c45b5;\">&#8211;<a style=\"color: #1c45b5;\" href=\"http:\/\/www.ens.univ-maroua.cm\/index.php\/secretariat-general\/\"> le Secr\u00e9tariat g\u00e9n\u00e9ral<\/a>;<\/span><br \/>\n<span style=\"color: #1c45b5;\">&#8211; <a style=\"color: #1c45b5;\" href=\"http:\/\/www.ens.univ-maroua.cm\/index.php\/division-des-etudes-de-la-scolarite-et-des-stages\/\">la Division des \u00e9tudes, de la scolarit\u00e9 et des stages<\/a>;<\/span><br \/>\n<span style=\"color: #1c45b5;\">&#8211; <a style=\"color: #1c45b5;\" href=\"http:\/\/www.ens.univ-maroua.cm\/index.php\/division-des-affaires-academiques-de-la-recherche-et-de-la-cooperation\/\">la Division des affaires acad\u00e9miques, de la recherche et de la coop\u00e9ration<\/a>;<\/span><br \/>\n<span style=\"color: #1c45b5;\">&#8211;<a style=\"color: #1c45b5;\" href=\"http:\/\/www.ens.univ-maroua.cm\/index.php\/division-de-la-formation-continue-et-a-distance\/\"> la Division de la formation continue et \u00e0 distance<\/a>;<\/span><br \/>\n<span style=\"color: #1c45b5;\">&#8211; <a style=\"color: #1c45b5;\" href=\"http:\/\/www.ens.univ-maroua.cm\/index.php\/division-du-bilinguisme-et-de-leducation-citoyenne-et-interculturelle\/\">la Division du bilinguisme et de l&rsquo;\u00e9ducation citoyenne et interculturelle<\/a>;<\/span><br \/>\n<span style=\"color: #1c45b5;\">&#8211;<a style=\"color: #1c45b5;\" href=\"http:\/\/www.ens.univ-maroua.cm\/index.php\/cdd\/\"> le Centre de documentation (CDD)<\/a>;<\/span><br \/>\n<span style=\"color: #1c45b5;\">&#8211; <a style=\"color: #1c45b5;\" href=\"http:\/\/www.ens.univ-maroua.cm\/index.php\/crte\/\">le Centre de ressources et technologies \u00e9ducatives (CRT\u00c9)<\/a>.<\/span>[\/vc_column_text][vc_empty_space height=\u00a0\u00bb33px\u00a0\u00bb]\t\t<\/div>\n\t<\/div>\n<\/div><\/div>[\/vc_column][\/vc_row][vc_row css_animation=\u00a0\u00bbzoomIn\u00a0\u00bb row_content_width=\u00a0\u00bbgrid\u00a0\u00bb css=\u00a0\u00bb.vc_custom_1708869508471{background-color: #ffffff !important;}\u00a0\u00bb][vc_column css_animation=\u00a0\u00bbzoomIn\u00a0\u00bb width=\u00a0\u00bb1\/4&Prime; offset=\u00a0\u00bbvc_col-lg-offset-0 vc_col-lg-3 vc_col-md-offset-0 vc_col-md-3&Prime;]<div class=\"edgt-team main-info-below-image \">\n\t<div class=\"edgt-team-inner\">\n\t\t\t\t\t<div class=\"edgt-team-image\">\n                <img loading=\"lazy\" decoding=\"async\" width=\"105\" height=\"113\" src=\"https:\/\/www.ens.univ-maroua.cm\/wp-content\/uploads\/2024\/02\/logo_ens-2.png\" class=\"attachment-full size-full\" alt=\"\" \/>\t\t\t<\/div>\n\t\t\n\t\t\t\t\t<div class=\"edgt-team-info\">\n\t\t\t\t\t\t\t\t\t<div class=\"edgt-team-title-holder normal_social\">\n\t\t\t\t\t\t\t\t\t\t\t\t\t<h5 class=\"edgt-team-name\">\n\t\t\t\t\t\t\t\tBACHIR BOUBA\t\t\t\t\t\t\t<\/h5>\n\t\t\t\t\t\t\t\t\t\t\t\t\t\t\t\t\t\t\t<p class=\"edgt-team-position\">Ma\u00eetre de Conf\u00e9rences<\/p>\n\t\t\t\t\t\t\t\t\t\t\t<\/div>\n\t\t\t\t\n\t\t\t\t\t\t\t\t\t<div class='edgt-team-text'>\n\t\t\t\t\t\t<div class='edgt-team-text-inner'>\n\t\t\t\t\t\t\t<div class='edgt-team-description'>\n\t\t\t\t\t\t\t\t<p>Directeur adjoint de l&#039;\u00c9NS<\/p>\n\t\t\t\t\t\t\t<\/div>\n\t\t\t\t\t\t<\/div>\n\t\t\t\t\t<\/div>\n\t\t\t\t\n\t\t<div class=\"edgt-team-social-holder-between\">\n\t\t\t<div class=\"edgt-team-social normal_social\">\n\t\t\t\t<div class=\"edgt-team-social-inner\">\n\t\t\t\t\t<div class=\"edgt-team-social-wrapp\">\n\n\t\t\t\t\t\t\n\t\t\t\t\t<\/div>\n\t\t\t\t<\/div>\n\t\t\t<\/div>\n\t\t<\/div>\n\n\t\t<\/div>\n\t<\/div>\n<\/div>[\/vc_column][vc_column width=\u00a0\u00bb1\/4&Prime;]<div class=\"edgt-team main-info-below-image \">\n\t<div class=\"edgt-team-inner\">\n\t\t\t\t\t<div class=\"edgt-team-image\">\n                <img loading=\"lazy\" decoding=\"async\" width=\"105\" height=\"113\" src=\"https:\/\/www.ens.univ-maroua.cm\/wp-content\/uploads\/2024\/02\/logo_ens-2.png\" class=\"attachment-full size-full\" alt=\"\" \/>\t\t\t<\/div>\n\t\t\n\t\t\t\t\t<div class=\"edgt-team-info\">\n\t\t\t\t\t\t\t\t\t<div class=\"edgt-team-title-holder normal_social\">\n\t\t\t\t\t\t\t\t\t\t\t\t\t<h5 class=\"edgt-team-name\">\n\t\t\t\t\t\t\t\tBA\u00cfMADA GIGLA Fran\u00e7ois\t\t\t\t\t\t\t<\/h5>\n\t\t\t\t\t\t\t\t\t\t\t\t\t\t\t\t\t\t\t<p class=\"edgt-team-position\">Ma\u00eetre de Conf\u00e9rences<\/p>\n\t\t\t\t\t\t\t\t\t\t\t<\/div>\n\t\t\t\t\n\t\t\t\t\t\t\t\t\t<div class='edgt-team-text'>\n\t\t\t\t\t\t<div class='edgt-team-text-inner'>\n\t\t\t\t\t\t\t<div class='edgt-team-description'>\n\t\t\t\t\t\t\t\t<p>Secr\u00e9taire G\u00e9n\u00e9ral<\/p>\n\t\t\t\t\t\t\t<\/div>\n\t\t\t\t\t\t<\/div>\n\t\t\t\t\t<\/div>\n\t\t\t\t\n\t\t<div class=\"edgt-team-social-holder-between\">\n\t\t\t<div class=\"edgt-team-social normal_social\">\n\t\t\t\t<div class=\"edgt-team-social-inner\">\n\t\t\t\t\t<div class=\"edgt-team-social-wrapp\">\n\n\t\t\t\t\t\t\n\t\t\t\t\t<\/div>\n\t\t\t\t<\/div>\n\t\t\t<\/div>\n\t\t<\/div>\n\n\t\t<\/div>\n\t<\/div>\n<\/div>[\/vc_column][\/vc_row][vc_row css_animation=\u00a0\u00bbzoomIn\u00a0\u00bb row_content_width=\u00a0\u00bbgrid\u00a0\u00bb content_text_aligment=\u00a0\u00bbcenter\u00a0\u00bb css=\u00a0\u00bb.vc_custom_1707028856500{background-color: #ffffff !important;}\u00a0\u00bb][vc_column css_animation=\u00a0\u00bbzoomIn\u00a0\u00bb width=\u00a0\u00bb1\/4&Prime; offset=\u00a0\u00bbvc_col-lg-offset-0 vc_col-lg-3 vc_col-md-offset-0 vc_col-md-3&Prime;]<div class=\"edgt-team main-info-below-image \">\n\t<div class=\"edgt-team-inner\">\n\t\t\t\t\t<div class=\"edgt-team-image\">\n                <img loading=\"lazy\" decoding=\"async\" width=\"419\" height=\"421\" src=\"https:\/\/www.ens.univ-maroua.cm\/wp-content\/uploads\/2024\/02\/IMG-20231114-WA0000.jpg\" class=\"attachment-full size-full\" alt=\"\" srcset=\"https:\/\/www.ens.univ-maroua.cm\/wp-content\/uploads\/2024\/02\/IMG-20231114-WA0000.jpg 419w, https:\/\/www.ens.univ-maroua.cm\/wp-content\/uploads\/2024\/02\/IMG-20231114-WA0000-300x300.jpg 300w, https:\/\/www.ens.univ-maroua.cm\/wp-content\/uploads\/2024\/02\/IMG-20231114-WA0000-150x150.jpg 150w, https:\/\/www.ens.univ-maroua.cm\/wp-content\/uploads\/2024\/02\/IMG-20231114-WA0000-100x100.jpg 100w\" sizes=\"auto, (max-width: 419px) 100vw, 419px\" \/>\t\t\t<\/div>\n\t\t\n\t\t\t\t\t<div class=\"edgt-team-info\">\n\t\t\t\t\t\t\t\t\t<div class=\"edgt-team-title-holder normal_social\">\n\t\t\t\t\t\t\t\t\t\t\t\t\t<h5 class=\"edgt-team-name\">\n\t\t\t\t\t\t\t\tDEZOMBE Paul\t\t\t\t\t\t\t<\/h5>\n\t\t\t\t\t\t\t\t\t\t\t\t\t\t\t\t\t\t\t<p class=\"edgt-team-position\">Ma\u00eetre de Conf\u00e9rences<\/p>\n\t\t\t\t\t\t\t\t\t\t\t<\/div>\n\t\t\t\t\n\t\t\t\t\t\t\t\t\t<div class='edgt-team-text'>\n\t\t\t\t\t\t<div class='edgt-team-text-inner'>\n\t\t\t\t\t\t\t<div class='edgt-team-description'>\n\t\t\t\t\t\t\t\t<p>Chef de Division des \u00c9tudes, de la Scolarit\u00e9 et des Stages (DESS)<\/p>\n\t\t\t\t\t\t\t<\/div>\n\t\t\t\t\t\t<\/div>\n\t\t\t\t\t<\/div>\n\t\t\t\t\n\t\t<div class=\"edgt-team-social-holder-between\">\n\t\t\t<div class=\"edgt-team-social normal_social\">\n\t\t\t\t<div class=\"edgt-team-social-inner\">\n\t\t\t\t\t<div class=\"edgt-team-social-wrapp\">\n\n\t\t\t\t\t\t\n\t\t\t\t\t<\/div>\n\t\t\t\t<\/div>\n\t\t\t<\/div>\n\t\t<\/div>\n\n\t\t<\/div>\n\t<\/div>\n<\/div>[\/vc_column][vc_column css_animation=\u00a0\u00bbzoomIn\u00a0\u00bb width=\u00a0\u00bb1\/4&Prime; offset=\u00a0\u00bbvc_col-lg-offset-0 vc_col-lg-3 vc_col-md-offset-0 vc_col-md-3&Prime;]<div class=\"edgt-team main-info-below-image \">\n\t<div class=\"edgt-team-inner\">\n\t\t\t\t\t<div class=\"edgt-team-image\">\n                <img loading=\"lazy\" decoding=\"async\" width=\"105\" height=\"113\" src=\"https:\/\/www.ens.univ-maroua.cm\/wp-content\/uploads\/2024\/02\/logo_ens-2.png\" class=\"attachment-full size-full\" alt=\"\" \/>\t\t\t<\/div>\n\t\t\n\t\t\t\t\t<div class=\"edgt-team-info\">\n\t\t\t\t\t\t\t\t\t<div class=\"edgt-team-title-holder normal_social\">\n\t\t\t\t\t\t\t\t\t\t\t\t\t<h5 class=\"edgt-team-name\">\n\t\t\t\t\t\t\t\tAMBASSA FILS Bernard\t\t\t\t\t\t\t<\/h5>\n\t\t\t\t\t\t\t\t\t\t\t\t\t\t\t\t\t\t\t<p class=\"edgt-team-position\">Ma\u00eetre de Conf\u00e9rences<\/p>\n\t\t\t\t\t\t\t\t\t\t\t<\/div>\n\t\t\t\t\n\t\t\t\t\t\t\t\t\t<div class='edgt-team-text'>\n\t\t\t\t\t\t<div class='edgt-team-text-inner'>\n\t\t\t\t\t\t\t<div class='edgt-team-description'>\n\t\t\t\t\t\t\t\t<p>Chef de Division des Affaires Acad\u00e9miques, de la Recherche et de la Coop\u00e9ration (DAARC)<\/p>\n\t\t\t\t\t\t\t<\/div>\n\t\t\t\t\t\t<\/div>\n\t\t\t\t\t<\/div>\n\t\t\t\t\n\t\t<div class=\"edgt-team-social-holder-between\">\n\t\t\t<div class=\"edgt-team-social normal_social\">\n\t\t\t\t<div class=\"edgt-team-social-inner\">\n\t\t\t\t\t<div class=\"edgt-team-social-wrapp\">\n\n\t\t\t\t\t\t\n\t\t\t\t\t<\/div>\n\t\t\t\t<\/div>\n\t\t\t<\/div>\n\t\t<\/div>\n\n\t\t<\/div>\n\t<\/div>\n<\/div>[\/vc_column][vc_column css_animation=\u00a0\u00bbzoomIn\u00a0\u00bb width=\u00a0\u00bb1\/4&Prime; offset=\u00a0\u00bbvc_col-lg-offset-0 vc_col-lg-3 vc_col-md-offset-0 vc_col-md-3&Prime;]<div class=\"edgt-team main-info-below-image \">\n\t<div class=\"edgt-team-inner\">\n\t\t\t\t\t<div class=\"edgt-team-image\">\n                <img loading=\"lazy\" decoding=\"async\" width=\"105\" height=\"113\" src=\"https:\/\/www.ens.univ-maroua.cm\/wp-content\/uploads\/2024\/02\/logo_ens-2.png\" class=\"attachment-full size-full\" alt=\"\" \/>\t\t\t<\/div>\n\t\t\n\t\t\t\t\t<div class=\"edgt-team-info\">\n\t\t\t\t\t\t\t\t\t<div class=\"edgt-team-title-holder normal_social\">\n\t\t\t\t\t\t\t\t\t\t\t\t\t<h5 class=\"edgt-team-name\">\n\t\t\t\t\t\t\t\tSALI\t\t\t\t\t\t\t<\/h5>\n\t\t\t\t\t\t\t\t\t\t\t\t\t\t\t\t\t\t\t<p class=\"edgt-team-position\">Charg\u00e9 de Cours<\/p>\n\t\t\t\t\t\t\t\t\t\t\t<\/div>\n\t\t\t\t\n\t\t\t\t\t\t\t\t\t<div class='edgt-team-text'>\n\t\t\t\t\t\t<div class='edgt-team-text-inner'>\n\t\t\t\t\t\t\t<div class='edgt-team-description'>\n\t\t\t\t\t\t\t\t<p>Chef de Division de la Formation Continue et \u00e0 Distance (DFCD)<\/p>\n\t\t\t\t\t\t\t<\/div>\n\t\t\t\t\t\t<\/div>\n\t\t\t\t\t<\/div>\n\t\t\t\t\n\t\t<div class=\"edgt-team-social-holder-between\">\n\t\t\t<div class=\"edgt-team-social normal_social\">\n\t\t\t\t<div class=\"edgt-team-social-inner\">\n\t\t\t\t\t<div class=\"edgt-team-social-wrapp\">\n\n\t\t\t\t\t\t\n\t\t\t\t\t<\/div>\n\t\t\t\t<\/div>\n\t\t\t<\/div>\n\t\t<\/div>\n\n\t\t<\/div>\n\t<\/div>\n<\/div>[\/vc_column][vc_column width=\u00a0\u00bb1\/4&Prime;]<div class=\"edgt-team main-info-below-image \">\n\t<div class=\"edgt-team-inner\">\n\t\t\t\t\t<div class=\"edgt-team-image\">\n                <img loading=\"lazy\" decoding=\"async\" width=\"105\" height=\"113\" src=\"https:\/\/www.ens.univ-maroua.cm\/wp-content\/uploads\/2024\/02\/logo_ens-2.png\" class=\"attachment-full size-full\" alt=\"\" \/>\t\t\t<\/div>\n\t\t\n\t\t\t\t\t<div class=\"edgt-team-info\">\n\t\t\t\t\t\t\t\t\t<div class=\"edgt-team-title-holder normal_social\">\n\t\t\t\t\t\t\t\t\t\t\t\t\t<h5 class=\"edgt-team-name\">\n\t\t\t\t\t\t\t\tZOUYANE Gilbert\t\t\t\t\t\t\t<\/h5>\n\t\t\t\t\t\t\t\t\t\t\t\t\t\t\t\t\t\t\t<p class=\"edgt-team-position\">Ma\u00eetre de Conf\u00e9rences<\/p>\n\t\t\t\t\t\t\t\t\t\t\t<\/div>\n\t\t\t\t\n\t\t\t\t\t\t\t\t\t<div class='edgt-team-text'>\n\t\t\t\t\t\t<div class='edgt-team-text-inner'>\n\t\t\t\t\t\t\t<div class='edgt-team-description'>\n\t\t\t\t\t\t\t\t<p>Chef de Division du Bilinguisme et de l&#039;\u00c9ducation Citoyenne et Interculturelle (DBECI)<\/p>\n\t\t\t\t\t\t\t<\/div>\n\t\t\t\t\t\t<\/div>\n\t\t\t\t\t<\/div>\n\t\t\t\t\n\t\t<div class=\"edgt-team-social-holder-between\">\n\t\t\t<div class=\"edgt-team-social normal_social\">\n\t\t\t\t<div class=\"edgt-team-social-inner\">\n\t\t\t\t\t<div class=\"edgt-team-social-wrapp\">\n\n\t\t\t\t\t\t\n\t\t\t\t\t<\/div>\n\t\t\t\t<\/div>\n\t\t\t<\/div>\n\t\t<\/div>\n\n\t\t<\/div>\n\t<\/div>\n<\/div>[\/vc_column][\/vc_row][vc_row css_animation=\u00a0\u00bbzoomIn\u00a0\u00bb row_content_width=\u00a0\u00bbgrid\u00a0\u00bb content_text_aligment=\u00a0\u00bbcenter\u00a0\u00bb css=\u00a0\u00bb.vc_custom_1707029116470{padding-top: 35px !important;padding-bottom: 85px !important;background-color: #ffffff !important;}\u00a0\u00bb][vc_column css_animation=\u00a0\u00bbzoomIn\u00a0\u00bb width=\u00a0\u00bb1\/4&Prime; offset=\u00a0\u00bbvc_col-lg-offset-0 vc_col-lg-3 vc_col-md-offset-0 vc_col-md-3&Prime;]<div class=\"edgt-team main-info-below-image \">\n\t<div class=\"edgt-team-inner\">\n\t\t\t\t\t<div class=\"edgt-team-image\">\n                <img loading=\"lazy\" decoding=\"async\" width=\"419\" height=\"421\" src=\"https:\/\/www.ens.univ-maroua.cm\/wp-content\/uploads\/2024\/02\/Capture.png\" class=\"attachment-full size-full\" alt=\"\" srcset=\"https:\/\/www.ens.univ-maroua.cm\/wp-content\/uploads\/2024\/02\/Capture.png 419w, https:\/\/www.ens.univ-maroua.cm\/wp-content\/uploads\/2024\/02\/Capture-300x300.png 300w, https:\/\/www.ens.univ-maroua.cm\/wp-content\/uploads\/2024\/02\/Capture-150x150.png 150w, https:\/\/www.ens.univ-maroua.cm\/wp-content\/uploads\/2024\/02\/Capture-100x100.png 100w\" sizes=\"auto, (max-width: 419px) 100vw, 419px\" \/>\t\t\t<\/div>\n\t\t\n\t\t\t\t\t<div class=\"edgt-team-info\">\n\t\t\t\t\t\t\t\t\t<div class=\"edgt-team-title-holder normal_social\">\n\t\t\t\t\t\t\t\t\t\t\t\t\t<h5 class=\"edgt-team-name\">\n\t\t\t\t\t\t\t\tADOUM Richard\t\t\t\t\t\t\t<\/h5>\n\t\t\t\t\t\t\t\t\t\t\t\t\t\t\t\t\t\t\t<p class=\"edgt-team-position\">Chef de Centre de Documentation<\/p>\n\t\t\t\t\t\t\t\t\t\t\t<\/div>\n\t\t\t\t\n\t\t\t\t\n\t\t<div class=\"edgt-team-social-holder-between\">\n\t\t\t<div class=\"edgt-team-social normal_social\">\n\t\t\t\t<div class=\"edgt-team-social-inner\">\n\t\t\t\t\t<div class=\"edgt-team-social-wrapp\">\n\n\t\t\t\t\t\t\n\t\t\t\t\t<\/div>\n\t\t\t\t<\/div>\n\t\t\t<\/div>\n\t\t<\/div>\n\n\t\t<\/div>\n\t<\/div>\n<\/div>[\/vc_column][vc_column css_animation=\u00a0\u00bbzoomIn\u00a0\u00bb width=\u00a0\u00bb1\/4&Prime; offset=\u00a0\u00bbvc_col-lg-offset-0 vc_col-lg-3 vc_col-md-offset-0 vc_col-md-3&Prime;]<div class=\"edgt-team main-info-below-image \">\n\t<div class=\"edgt-team-inner\">\n\t\t\t\t\t<div class=\"edgt-team-image\">\n                <img loading=\"lazy\" decoding=\"async\" width=\"105\" height=\"113\" src=\"https:\/\/www.ens.univ-maroua.cm\/wp-content\/uploads\/2024\/02\/logo_ens-2.png\" class=\"attachment-full size-full\" alt=\"\" \/>\t\t\t<\/div>\n\t\t\n\t\t\t\t\t<div class=\"edgt-team-info\">\n\t\t\t\t\t\t\t\t\t<div class=\"edgt-team-title-holder normal_social\">\n\t\t\t\t\t\t\t\t\t\t\t\t\t<h5 class=\"edgt-team-name\">\n\t\t\t\t\t\t\t\tFOBANE G\u00e9r\u00f4me\t\t\t\t\t\t\t<\/h5>\n\t\t\t\t\t\t\t\t\t\t\t\t\t\t\t\t\t\t\t<p class=\"edgt-team-position\">Chef de Centre de Ressources et Technologies \u00c9ducatives (CRT\u00c9)<\/p>\n\t\t\t\t\t\t\t\t\t\t\t<\/div>\n\t\t\t\t\n\t\t\t\t\n\t\t<div class=\"edgt-team-social-holder-between\">\n\t\t\t<div class=\"edgt-team-social normal_social\">\n\t\t\t\t<div class=\"edgt-team-social-inner\">\n\t\t\t\t\t<div class=\"edgt-team-social-wrapp\">\n\n\t\t\t\t\t\t\n\t\t\t\t\t<\/div>\n\t\t\t\t<\/div>\n\t\t\t<\/div>\n\t\t<\/div>\n\n\t\t<\/div>\n\t<\/div>\n<\/div>[\/vc_column][vc_column css_animation=\u00a0\u00bbzoomIn\u00a0\u00bb width=\u00a0\u00bb1\/4&Prime; offset=\u00a0\u00bbvc_col-lg-offset-0 vc_col-lg-3 vc_col-md-offset-0 vc_col-md-3&Prime;]<div class=\"edgt-team main-info-below-image \">\n\t<div class=\"edgt-team-inner\">\n\t\t\t\t\t<div class=\"edgt-team-image\">\n                <img loading=\"lazy\" decoding=\"async\" width=\"420\" height=\"420\" src=\"https:\/\/www.ens.univ-maroua.cm\/wp-content\/uploads\/2024\/02\/Dr-ASONGWE.png\" class=\"attachment-full size-full\" alt=\"\" srcset=\"https:\/\/www.ens.univ-maroua.cm\/wp-content\/uploads\/2024\/02\/Dr-ASONGWE.png 420w, https:\/\/www.ens.univ-maroua.cm\/wp-content\/uploads\/2024\/02\/Dr-ASONGWE-300x300.png 300w, https:\/\/www.ens.univ-maroua.cm\/wp-content\/uploads\/2024\/02\/Dr-ASONGWE-150x150.png 150w, https:\/\/www.ens.univ-maroua.cm\/wp-content\/uploads\/2024\/02\/Dr-ASONGWE-100x100.png 100w\" sizes=\"auto, (max-width: 420px) 100vw, 420px\" \/>\t\t\t<\/div>\n\t\t\n\t\t\t\t\t<div class=\"edgt-team-info\">\n\t\t\t\t\t\t\t\t\t<div class=\"edgt-team-title-holder normal_social\">\n\t\t\t\t\t\t\t\t\t\t\t\t\t<h5 class=\"edgt-team-name\">\n\t\t\t\t\t\t\t\tASONGWE\t\t\t\t\t\t\t<\/h5>\n\t\t\t\t\t\t\t\t\t\t\t\t\t\t\t\t\t\t\t<p class=\"edgt-team-position\">Chef de CERE<\/p>\n\t\t\t\t\t\t\t\t\t\t\t<\/div>\n\t\t\t\t\n\t\t\t\t\n\t\t<div class=\"edgt-team-social-holder-between\">\n\t\t\t<div class=\"edgt-team-social normal_social\">\n\t\t\t\t<div class=\"edgt-team-social-inner\">\n\t\t\t\t\t<div class=\"edgt-team-social-wrapp\">\n\n\t\t\t\t\t\t\n\t\t\t\t\t<\/div>\n\t\t\t\t<\/div>\n\t\t\t<\/div>\n\t\t<\/div>\n\n\t\t<\/div>\n\t<\/div>\n<\/div>[\/vc_column][vc_column css_animation=\u00a0\u00bbzoomIn\u00a0\u00bb width=\u00a0\u00bb1\/4&Prime; offset=\u00a0\u00bbvc_col-lg-offset-0 vc_col-lg-3 vc_col-md-offset-0 vc_col-md-3&Prime;]<div class=\"edgt-team main-info-below-image \">\n\t<div class=\"edgt-team-inner\">\n\t\t\t\t\t<div class=\"edgt-team-image\">\n                <img loading=\"lazy\" decoding=\"async\" width=\"420\" height=\"420\" src=\"https:\/\/www.ens.univ-maroua.cm\/wp-content\/uploads\/2024\/02\/ADAM-CERDISFA.png\" class=\"attachment-full size-full\" alt=\"\" srcset=\"https:\/\/www.ens.univ-maroua.cm\/wp-content\/uploads\/2024\/02\/ADAM-CERDISFA.png 420w, https:\/\/www.ens.univ-maroua.cm\/wp-content\/uploads\/2024\/02\/ADAM-CERDISFA-300x300.png 300w, https:\/\/www.ens.univ-maroua.cm\/wp-content\/uploads\/2024\/02\/ADAM-CERDISFA-150x150.png 150w, https:\/\/www.ens.univ-maroua.cm\/wp-content\/uploads\/2024\/02\/ADAM-CERDISFA-100x100.png 100w\" sizes=\"auto, (max-width: 420px) 100vw, 420px\" \/>\t\t\t<\/div>\n\t\t\n\t\t\t\t\t<div class=\"edgt-team-info\">\n\t\t\t\t\t\t\t\t\t<div class=\"edgt-team-title-holder normal_social\">\n\t\t\t\t\t\t\t\t\t\t\t\t\t<h5 class=\"edgt-team-name\">\n\t\t\t\t\t\t\t\tMAHAMAT SALEH\t\t\t\t\t\t\t<\/h5>\n\t\t\t\t\t\t\t\t\t\t\t\t\t\t\t\t\t<\/div>\n\t\t\t\t\n\t\t\t\t\t\t\t\t\t<div class='edgt-team-text'>\n\t\t\t\t\t\t<div class='edgt-team-text-inner'>\n\t\t\t\t\t\t\t<div class='edgt-team-description'>\n\t\t\t\t\t\t\t\t<p>Chef de CERDISFA<\/p>\n\t\t\t\t\t\t\t<\/div>\n\t\t\t\t\t\t<\/div>\n\t\t\t\t\t<\/div>\n\t\t\t\t\n\t\t<div class=\"edgt-team-social-holder-between\">\n\t\t\t<div class=\"edgt-team-social normal_social\">\n\t\t\t\t<div class=\"edgt-team-social-inner\">\n\t\t\t\t\t<div class=\"edgt-team-social-wrapp\">\n\n\t\t\t\t\t\t\n\t\t\t\t\t<\/div>\n\t\t\t\t<\/div>\n\t\t\t<\/div>\n\t\t<\/div>\n\n\t\t<\/div>\n\t<\/div>\n<\/div>[\/vc_column][\/vc_row][vc_row css=\u00a0\u00bb.vc_custom_1707028893882{background-color: #25d6ea !important;}\u00a0\u00bb][vc_column][vc_empty_space][\/vc_column][\/vc_row]<\/p>\n<\/section>","protected":false},"excerpt":{"rendered":"<p>[vc_row css=\u00a0\u00bb.vc_custom_1707028893882{background-color: #25d6ea !important;}\u00a0\u00bb][vc_column][vc_empty_space][\/vc_column][\/vc_row][vc_row css_animation=\u00a0\u00bbzoomIn\u00a0\u00bb row_content_width=\u00a0\u00bbgrid\u00a0\u00bb css=\u00a0\u00bb.vc_custom_1708863082214{padding-top: 106px !important;padding-bottom: 50px !important;background-color: #ffffff !important;}\u00a0\u00bb][vc_column][\/vc_column][\/vc_row][vc_row css_animation=\u00a0\u00bbzoomIn\u00a0\u00bb row_content_width=\u00a0\u00bbgrid\u00a0\u00bb css=\u00a0\u00bb.vc_custom_1708869508471{background-color: #ffffff !important;}\u00a0\u00bb][vc_column css_animation=\u00a0\u00bbzoomIn\u00a0\u00bb width=\u00a0\u00bb1\/4&Prime; offset=\u00a0\u00bbvc_col-lg-offset-0 vc_col-lg-3 vc_col-md-offset-0 vc_col-md-3&Prime;][\/vc_column][vc_column width=\u00a0\u00bb1\/4&Prime;][\/vc_column][\/vc_row][vc_row css_animation=\u00a0\u00bbzoomIn\u00a0\u00bb row_content_width=\u00a0\u00bbgrid\u00a0\u00bb content_text_aligment=\u00a0\u00bbcenter\u00a0\u00bb css=\u00a0\u00bb.vc_custom_1707028856500{background-color: #ffffff !important;}\u00a0\u00bb][vc_column css_animation=\u00a0\u00bbzoomIn\u00a0\u00bb width=\u00a0\u00bb1\/4&Prime; offset=\u00a0\u00bbvc_col-lg-offset-0 vc_col-lg-3 vc_col-md-offset-0 vc_col-md-3&Prime;][\/vc_column][vc_column css_animation=\u00a0\u00bbzoomIn\u00a0\u00bb width=\u00a0\u00bb1\/4&Prime; offset=\u00a0\u00bbvc_col-lg-offset-0 [&hellip;]<\/p>\n","protected":false},"author":1,"featured_media":0,"parent":0,"menu_order":0,"comment_status":"closed","ping_status":"closed","template":"full-width.php","meta":{"footnotes":""},"class_list":["post-19","page","type-page","status-publish","hentry"],"_links":{"self":[{"href":"https:\/\/www.ens.univ-maroua.cm\/index.php\/wp-json\/wp\/v2\/pages\/19","targetHints":{"allow":["GET"]}}],"collection":[{"href":"https:\/\/www.ens.univ-maroua.cm\/index.php\/wp-json\/wp\/v2\/pages"}],"about":[{"href":"https:\/\/www.ens.univ-maroua.cm\/index.php\/wp-json\/wp\/v2\/types\/page"}],"author":[{"embeddable":true,"href":"https:\/\/www.ens.univ-maroua.cm\/index.php\/wp-json\/wp\/v2\/users\/1"}],"replies":[{"embeddable":true,"href":"https:\/\/www.ens.univ-maroua.cm\/index.php\/wp-json\/wp\/v2\/comments?post=19"}],"version-history":[{"count":42,"href":"https:\/\/www.ens.univ-maroua.cm\/index.php\/wp-json\/wp\/v2\/pages\/19\/revisions"}],"predecessor-version":[{"id":5813,"href":"https:\/\/www.ens.univ-maroua.cm\/index.php\/wp-json\/wp\/v2\/pages\/19\/revisions\/5813"}],"wp:attachment":[{"href":"https:\/\/www.ens.univ-maroua.cm\/index.php\/wp-json\/wp\/v2\/media?parent=19"}],"curies":[{"name":"wp","href":"https:\/\/api.w.org\/{rel}","templated":true}]}}